{"id":172,"date":"2009-12-27T18:56:32","date_gmt":"2009-12-27T16:56:32","guid":{"rendered":"http:\/\/www.beseit.net\/?page_id=172"},"modified":"2023-12-04T14:37:09","modified_gmt":"2023-12-04T12:37:09","slug":"5-els-determinants","status":"publish","type":"page","link":"https:\/\/www.beseit.net\/?page_id=172","title":{"rendered":"5- ELS DETERMINANTS"},"content":{"rendered":"<p>Categoria l\u00e8xica constitu\u00efda per mots que s\u2019anteposen al substantiu amb el qual concorden i respecte al qual aporten una especificaci\u00f3 de car\u00e0cter no qualitatiu que en restreny el significat i el fa m\u00e9s prec\u00eds i definit. L\u2019article i els demostratius pertanyen a la classe dels determinants.<\/p>\n<p>Els determinants s\u00f3n paraules que especifiquen diferents aspectes del nom: si \u00e9s concret o no, si \u00e9s proper o lluny\u00e0, la quantitat&#8230;<br \/>\nA difer\u00e8ncia de l\u2019adjectiu, acostumen a apar\u00e8ixer davant del nom i no n\u2019estableixen una qualitat. Hi ha diferents tipus de determinants segons l\u2019aspecte que indiquen del nom. En aquest p\u00e0gina veurem els seg\u00fcents: articles, demostratius, possessius, numerals, quantitatius i indefinits.<\/p>\n<p><strong>L\u2019article determina el g\u00e8nere i el nombre del nom<\/strong>.\u00a0 Ho pot fer de dues maneres:<br \/>\n&#8211; l\u2019<strong>article definit<\/strong> concreta, distingeix el nom<br \/>\n&#8211; l\u2019<strong>article<\/strong> <strong>indefinit<\/strong> expressa indeterminaci\u00f3<\/p>\n<p>Aquestes s\u00f3n les formes dels articles en la varietat central del catal\u00e0:<\/p>\n<table id=\"gris\" border=\"1\" width=\"600\" cellspacing=\"0\" cellpadding=\"0\" align=\"center\">\n<tbody>\n<tr>\n<td valign=\"top\" width=\"120\"><\/td>\n<td valign=\"top\" width=\"120\">mascul\u00ed singular<\/td>\n<td valign=\"top\" width=\"120\">femen\u00ed singular<\/td>\n<td valign=\"top\" width=\"120\">mascul\u00ed plural<\/td>\n<td valign=\"top\" width=\"120\">femen\u00ed plural<\/td>\n<\/tr>\n<tr>\n<td valign=\"top\" width=\"120\">article definit<\/td>\n<td valign=\"top\" width=\"120\">el \/ l\u2019<\/td>\n<td valign=\"top\" width=\"120\">la \/ l\u2019<\/td>\n<td valign=\"top\" width=\"120\">els<\/td>\n<td valign=\"top\" width=\"120\">les<\/td>\n<\/tr>\n<tr>\n<td valign=\"top\" width=\"120\">article indefinit<\/td>\n<td valign=\"top\" width=\"120\">un<\/td>\n<td valign=\"top\" width=\"120\">una<\/td>\n<td valign=\"top\" width=\"120\">uns<\/td>\n<td valign=\"top\" width=\"120\">unes<\/td>\n<\/tr>\n<\/tbody>\n<\/table>\n<p>Quan el nom seg\u00fcent comen\u00e7a per vocal, l\u2019article mascul\u00ed <strong><em>el <\/em><\/strong>i l\u2019article femen\u00ed <strong><em>la<\/em><\/strong> adopten la forma <strong><em>l\u2019<\/em><\/strong> (<em>l\u2019amic<\/em>,<em> l\u2019oreneta<\/em>,<em> l\u2019hotel<\/em>), tot i que en alguns casos, no (<em>el iogurt<\/em>,<em> la universitat<\/em>).<\/p>\n<p>Les preposicions a, de, per i per a, juntament amb els articles masculins el i els, produeixen el que s&#8217;anomena <strong>articles contractes<\/strong>. Les combinacions possibles s\u00f3n les seg\u00fcents:<\/p>\n<p><strong>a + el = al<\/strong>: va al col\u00b7legi, cap al sud, fins al final.<\/p>\n<p><strong>a + els = als<\/strong>: cap als afores, vaig als Hostalets de Baleny\u00e0.<\/p>\n<p><strong>de + el<\/strong> = del: torna del poble, abans del mar\u00e7, despr\u00e9s del triomf.<\/p>\n<p><strong>de + els<\/strong> = dels: propi dels pares, abans dels ex\u00e0mens, des dels primers dies.<\/p>\n<p><strong>de + les<\/strong> = de les: de les elits<\/p>\n<p><strong>per + el<\/strong> = pel: passa pel carrer, actua pel seu compte per + els = pels: passa pels llocs m\u00e9s arriscats, pels volts de les deu.<\/p>\n<p><strong>per a + el<\/strong> = per al: aquest regal \u00e9s per al Carles.<\/p>\n<p><strong>per a + els<\/strong> = per als: aix\u00f2 \u00e9s per als meus fills.<\/p>\n<p>La part\u00edcula ca (contracci\u00f3 del mot casa) es contreu quan es troba amb els articles definits el, els i l&#8217;article personal en:<\/p>\n<p><strong>ca + el<\/strong> = cal: a cal metge, a cal notari.<\/p>\n<p><strong>ca + els<\/strong> = cals: anar a cals avis, vaig a cals Dom\u00e8nec.<\/p>\n<p><strong>ca + en<\/strong> = can: sembla can seixanta, can Joan, can Serra.<\/p>\n<p><span style=\"font-size: medium;\"><span style=\"font-size: medium;\">L&#8217;article, per\u00f2, no s&#8217;apostrofa davant de <strong>noms femenins<\/strong> que comencen amb i o u \u00e0tones. <\/span><\/span><\/p>\n<p>l&#8217;hidroavi\u00f3, la UNICEF, l\u2019heura, la imaginaci\u00f3, l\u2019herba, l\u2019ocell, la humanitat, el iogurt, la una, l\u2019Ignasi, l\u2019illa, la asimetria, la essa, el iode, l\u2019IPC, la hiena, la Isabel.<\/p>\n<p><strong>La <\/strong>Unicef, imaginaci\u00f3, humanitat, Isabel. L\u2019article femen\u00ed no s\u2019apostrofa davant d\u2019aquests substantius perqu\u00e8 comencen per una<em> i <\/em>o <em>u<\/em> \u00e0tones.<\/p>\n<p><strong>La <\/strong>una No apostrofem l\u2019article davant d\u2019aquests substantius per tradici\u00f3.<\/p>\n<p><strong>El <\/strong>iogurt, iode No apostrofem l\u2019article encara que el substantiu seg\u00fcent comenci per vocal o <em>h<\/em> si no t\u00e9 un so voc\u00e0lic.<\/p>\n<p><strong>La<\/strong> asimetria. No apostrofem\u00a0 davant de substantius que es podrien confondre amb d\u2019altres si els pronunci\u00e9ssim amb la forma apostrofada.<\/p>\n<p><strong>La <\/strong>essa No apostrofem davant dels noms de lletra.<\/p>\n<p>ELS DEMOSTRATIUS<\/p>\n<table border=\"1\" cellspacing=\"0\" cellpadding=\"0\">\n<tbody>\n<tr>\n<td valign=\"top\" width=\"199\">PROXIMITAT<\/td>\n<td valign=\"top\" width=\"377\">Aquest, aquesta, aquests, aquestes, aix\u00f2<\/td>\n<\/tr>\n<tr>\n<td valign=\"top\" width=\"199\">LLUNYANIA<\/td>\n<td valign=\"top\" width=\"377\">Aquell, aquella, aquells, aquelles, all\u00f2<\/td>\n<\/tr>\n<\/tbody>\n<\/table>\n<p>ELS POSSESSIUS<\/p>\n<table border=\"1\" cellspacing=\"0\" cellpadding=\"0\">\n<tbody>\n<tr>\n<td valign=\"top\" width=\"223\">UN SOL POSSE\u00cfDOR<\/td>\n<td valign=\"top\" width=\"353\">El meu, la meva, els meus, les meves<br \/>\nEl teu, la teva, els teus, les teves<br \/>\nEl seu, la seva, els seus, les seves<\/td>\n<\/tr>\n<tr>\n<td valign=\"top\" width=\"223\">POSSE\u00cfDOR PLURAL<\/td>\n<td valign=\"top\" width=\"353\">El nostre, la nostra, els nostres, les nostres El vostre, la vostra, els vostres, les vostres El seu, la seva, els seus, les seves<\/td>\n<\/tr>\n<\/tbody>\n<\/table>\n<p>ELS QUANTITATIUS<\/p>\n<table border=\"1\" cellspacing=\"0\" cellpadding=\"0\">\n<tbody>\n<tr>\n<td valign=\"top\" width=\"259\">INVARIABLES<\/td>\n<td valign=\"top\" width=\"317\">Massa, for\u00e7a, prou, m\u00e9s, menys<\/td>\n<\/tr>\n<tr>\n<td valign=\"top\" width=\"259\">VARIABLES<\/td>\n<td valign=\"top\" width=\"317\">Quant, quanta, quants, quantes<br \/>\nTant, tanta, tants, tantes<br \/>\nMolt, molta, molts, moltes<br \/>\nPoc, poca, pocs, poques<br \/>\nBastant, bastants<br \/>\nGaire, gaires<\/td>\n<\/tr>\n<\/tbody>\n<\/table>\n<p>ELS INDEFINITS<\/p>\n<table border=\"1\" cellspacing=\"0\" cellpadding=\"0\">\n<tbody>\n<tr>\n<td valign=\"top\" width=\"307\">DAVANT DE<\/td>\n<td colspan=\"2\" valign=\"top\" width=\"269\">PRONOMS<\/td>\n<\/tr>\n<tr>\n<td valign=\"top\" width=\"307\">SUBSTANTIU<\/td>\n<td valign=\"top\" width=\"144\">PER A PERSONES<\/td>\n<td valign=\"top\" width=\"125\">PER A LES COSES<\/td>\n<\/tr>\n<tr>\n<td valign=\"top\" width=\"307\">Alg\u00fan, alguna, alguns, algunes<br \/>\nCada, cada un, cada una, cadascun, cadascuna<br \/>\nTot, tota, tots, totes<br \/>\nAltre, altra, altres<br \/>\nTal, tals<br \/>\nQualsevol, qualssevol<br \/>\nMateix, mateixa, mateixos, mateixes<br \/>\nCert, certa, certs, certes<\/td>\n<td valign=\"top\" width=\"144\">Alg\u00fa, ning\u00fa, Cadasc\u00fa, tothom<\/td>\n<td valign=\"top\" width=\"125\">Alguna cosa<br \/>\nRes<br \/>\nTot<\/td>\n<\/tr>\n<\/tbody>\n<\/table>\n<p>ELS INTERROGATIUS<\/p>\n<table border=\"1\" cellspacing=\"0\" cellpadding=\"0\">\n<tbody>\n<tr>\n<td valign=\"top\" width=\"192\">DAVANT DE<\/td>\n<td colspan=\"2\" valign=\"top\" width=\"384\">PRONOMS<\/td>\n<\/tr>\n<tr>\n<td valign=\"top\" width=\"192\">SUBSTANTIU<\/td>\n<td valign=\"top\" width=\"192\">Per a les persones<\/td>\n<td valign=\"top\" width=\"192\">Per a les coses<\/td>\n<\/tr>\n<tr>\n<td valign=\"top\" width=\"192\">Quin, quina, quins, quines<\/td>\n<td valign=\"top\" width=\"192\">QUI<\/td>\n<td valign=\"top\" width=\"192\">QU\u00c8<\/td>\n<\/tr>\n<\/tbody>\n<\/table>\n","protected":false},"excerpt":{"rendered":"<p>Categoria l\u00e8xica constitu\u00efda per mots que s\u2019anteposen al substantiu amb el qual concorden i respecte al qual aporten una especificaci\u00f3 de car\u00e0cter no qualitatiu que en restreny el significat i el fa m\u00e9s prec\u00eds i definit. L\u2019article i els demostratius &hellip; <a href=\"https:\/\/www.beseit.net\/?page_id=172\">Continua llegint <span class=\"meta-nav\">&rarr;<\/span><\/a><\/p>\n","protected":false},"author":2,"featured_media":8179,"parent":0,"menu_order":0,"comment_status":"open","ping_status":"open","template":"","meta":{"footnotes":""},"categories":[1],"class_list":["post-172","page","type-page","status-publish","has-post-thumbnail","hentry","category-bloc-de-notes"],"_links":{"self":[{"href":"https:\/\/www.beseit.net\/index.php?rest_route=\/wp\/v2\/pages\/172","targetHints":{"allow":["GET"]}}],"collection":[{"href":"https:\/\/www.beseit.net\/index.php?rest_route=\/wp\/v2\/pages"}],"about":[{"href":"https:\/\/www.beseit.net\/index.php?rest_route=\/wp\/v2\/types\/page"}],"author":[{"embeddable":true,"href":"https:\/\/www.beseit.net\/index.php?rest_route=\/wp\/v2\/users\/2"}],"replies":[{"embeddable":true,"href":"https:\/\/www.beseit.net\/index.php?rest_route=%2Fwp%2Fv2%2Fcomments&post=172"}],"version-history":[{"count":26,"href":"https:\/\/www.beseit.net\/index.php?rest_route=\/wp\/v2\/pages\/172\/revisions"}],"predecessor-version":[{"id":14288,"href":"https:\/\/www.beseit.net\/index.php?rest_route=\/wp\/v2\/pages\/172\/revisions\/14288"}],"wp:featuredmedia":[{"embeddable":true,"href":"https:\/\/www.beseit.net\/index.php?rest_route=\/wp\/v2\/media\/8179"}],"wp:attachment":[{"href":"https:\/\/www.beseit.net\/index.php?rest_route=%2Fwp%2Fv2%2Fmedia&parent=172"}],"wp:term":[{"taxonomy":"category","embeddable":true,"href":"https:\/\/www.beseit.net\/index.php?rest_route=%2Fwp%2Fv2%2Fcategories&post=172"}],"curies":[{"name":"wp","href":"https:\/\/api.w.org\/{rel}","templated":true}]}}