{"id":4207,"date":"2013-07-03T12:22:36","date_gmt":"2013-07-03T10:22:36","guid":{"rendered":"http:\/\/www.beseit.net\/?page_id=4207"},"modified":"2018-04-11T17:09:12","modified_gmt":"2018-04-11T15:09:12","slug":"afc-agrupacio-fotografica-de-catalunya","status":"publish","type":"page","link":"https:\/\/www.beseit.net\/?page_id=4207","title":{"rendered":"AFC"},"content":{"rendered":"<p><a href=\"http:\/\/www.beseit.net\/afc\/TEMA%20OBLIGAT-2013-2014.pdf\" target=\"_blank\">TEMES OBLIGATS 2013-2014<\/a><\/p>\n<p><strong>BASES DEL CONCURS &#8220;TEMES OBLIGATS&#8221; 2013-2014<\/strong><\/p>\n<p><strong>Participants<\/strong>: Tots els socis de l\u2019agrupaci\u00f3.<\/p>\n<p><strong>Obres:<\/strong> Una per cada modalitat i autor.<\/p>\n<p><strong>Format:<\/strong> Lliure<\/p>\n<p><strong>Presentaci\u00f3:<\/strong> Refor\u00e7ades sobre suport r\u00edgid de 30\u00d740 cm, i d\u2019un gruix d\u2019entre 1 i 3 mm.<\/p>\n<p><strong>Modalitats<\/strong>: Monocroma i color (s\u2019admeten totes les t\u00e8cniques).<\/p>\n<p><strong>Pliques<\/strong>: Nom i cognoms de l\u2019autor, aix\u00ed com el tema, darrera el suport r\u00edgid. Els debutants caldr\u00e0 que indiquin que ho s\u00f3n.<\/p>\n<p><strong>Admissi\u00f3<\/strong>: Fins el pen\u00faltim dijous de mes.<\/p>\n<p><strong>Veredicte<\/strong>: L\u2019\u00faltim dijous del mes a les 19.00 hores.<\/p>\n<p><strong>Lliurament<\/strong>: Es lliurar\u00e0: Les fotografies en paper, per al concurs, en sobre tancat. Al mateix temps, el participant ha de facilitar a la AFC un llapis de mem\u00f2ria. El seu contingut seran las fotografies presentades al concurs. El nom del fitxer ser\u00e0 el nom i cognom del autor i si es monocroma o color. Aquestes fotografies seran descarregades seguidament a un arxiu inform\u00e0tic de la AFC i el llapis de mem\u00f2ria es retornar\u00e0 al participant. El costat m\u00e9s llarg de las fotografies ser\u00e0 de 1200 pixels.<\/p>\n<p><strong>Puntuaci\u00f3<\/strong>: Les obres puntuaran de 10 a 3 punts; en cas de que una fotografia quedi desqualificada se li atorgar\u00e0 1 punt.<\/p>\n<p><strong>Premi del mes:<\/strong> Un \u00fanic premi mensual a l\u2019obra monocroma i color, que el jurat estimi millor del tema corresponent. Per aconseguir el premi del mes ha d\u2019haver-hi com a m\u00ednim 6 fotografies. El premi pot quedar desert.<\/p>\n<p><strong>Premis finals:<\/strong> Un primer, un segon i un tercer al final del concurs per als tres primers classificats, tant en monocrom com a color.<\/p>\n<p><strong>Premi debutant:<\/strong> Sense distinci\u00f3 de modalitat s\u2019atorgar\u00e0 premi al debutant m\u00e9s ben classificat de totes les convocat\u00f2ries. Es considerar\u00e0 debutant qui participi per primera vegada en el concurs en qualsevol modalitat.<\/p>\n<p><strong>Premi const\u00e0ncia<\/strong>: Per a l\u2019\u00faltim classificat en els 8 temes presentats.<\/p>\n<p>Temes obligats 2013-2014<\/p>\n<p>&nbsp;<\/p>\n<p>Octubre: El fenomen tur\u00edstic a Barcelona<\/p>\n<p>El gran nombre d\u2019estrangers que envaeixen la nostra Ciutat, tant als carrers, com a l\u2019interior dels edificis davant de les obres de Gaud\u00ed, al barri G\u00f2tic, als espectacles\u2026poden ser grups o parelles, i tamb\u00e9 detalls que donin a entendre aquesta situaci\u00f3. Es valorar\u00e0 la sensaci\u00f3 d\u2019 INVASI\u00d3 a casa nostra per gent de fora.<\/p>\n<p>Novembre: El pas del temps<\/p>\n<p>Tant per els objectes, com pels animals, per les persones, a l\u2019arquitectura, a les ciutats als pobles. Es valorar\u00e0 el grau de TRANSFORMACI\u00d3 i el proc\u00e9s de DETERIORAMENT I CANVIS, produ\u00efts per l\u2019erosi\u00f3, els canvis climatol\u00f2gics, l\u2019envelliment.<\/p>\n<p>Desembre: Geometries i simetries de la natura<\/p>\n<p>La natura presenta quantitat d\u2019estructures sim\u00e8triques, fractals, geom\u00e8triques etc. Cal descobrir la bellesa<\/p>\n<p>i l\u2019impacta visual que ofereixen, aix\u00ed com la reflexi\u00f3 cient\u00edfica que representen.<\/p>\n<p>Es valora l\u2019 ORIGINALITAT QUE REPRESENTA PER EL NEOFIT, L\u2019ESTRUCTURA PECULIAR QUE ES POT CAPTAR AMB UNA IMATGE FOTOGRAFICA.<\/p>\n<p>Gener: Toler\u00e0ncia<\/p>\n<p>Estem vivint en un m\u00f3n divers ja a casa nostra.<\/p>\n<p>Mostrar la simbiosi cultural i la ben entesa que hi pot haver entre persones \u201cdiverses\u201d que som capa\u00e7os d\u2019acollir i estimar. Es valora l\u2019 IMPACTA D\u2019UN ACARONAMENT DE \u201cDIVERSOS\u201d (races, religions, \u00e8tnies, defici\u00e8ncies f\u00edsiques i mentals etc.) i COM AIX\u00d3 ES ASUMIT AMB RESPECTE I NORMALITAT.<\/p>\n<p>Tamb\u00e9 es valora l\u2019impacta emocional i visual que pot donar l\u2019 imatge.<\/p>\n<p>Febrer: Senyals de pluja<\/p>\n<p>Els senyals que deixa la pluja un cop aquesta ha acabat (no es demana una foto de pluja) que s\u2019aprecien per exemple, a les gotes al damunt d\u2019unes fulles, a la capota d\u2019un cotxe, al reflexes al terra, al baf darrere els vidres. Es valoraran les SENSACIONS I LES IMATGES,que ens deixa la pluja quan ja no cau..<\/p>\n<p>Mar\u00e7: La solitud de la gent gran<\/p>\n<p>Qualsevol imatge que reflecteixi la solitud, la desempara i els aspectes relacionats amb aquest tema. Es valorar\u00e0 el SENTIMENT DE TRISTESA INTERIOR DELS RETRATATS.<\/p>\n<p>Abril: El vent<\/p>\n<p>El moviment que provoca aquest fenomen climatol\u00f2gic als objectes, als elements de la natura, a les persones. Es varolar\u00e0 la imatge de MOVIMENT de qualsevol d\u2019aquets elements produ\u00efts pel vent.<\/p>\n<p>Maig: Autoretrat<\/p>\n<p>No cal que sigui un retrat acurat. Diversos elements personals poden identificar o referenciar a la persona autoretratada. Es valorar\u00e0 el REALISME, L\u2019ORIGINALITAT I LA COMPOSICI\u00d3, tot depenent del tipus d\u2019imatge subjectiva presentada.<\/p>\n<p>&nbsp;<\/p>\n","protected":false},"excerpt":{"rendered":"<p>TEMES OBLIGATS 2013-2014 BASES DEL CONCURS &#8220;TEMES OBLIGATS&#8221; 2013-2014 Participants: Tots els socis de l\u2019agrupaci\u00f3. Obres: Una per cada modalitat i autor. Format: Lliure Presentaci\u00f3: Refor\u00e7ades sobre suport r\u00edgid de 30\u00d740 cm, i d\u2019un gruix d\u2019entre 1 i 3 mm. &hellip; <a href=\"https:\/\/www.beseit.net\/?page_id=4207\">Continua llegint <span class=\"meta-nav\">&rarr;<\/span><\/a><\/p>\n","protected":false},"author":2,"featured_media":0,"parent":1110,"menu_order":0,"comment_status":"open","ping_status":"open","template":"","meta":{"footnotes":""},"categories":[],"class_list":["post-4207","page","type-page","status-publish","hentry"],"_links":{"self":[{"href":"https:\/\/www.beseit.net\/index.php?rest_route=\/wp\/v2\/pages\/4207","targetHints":{"allow":["GET"]}}],"collection":[{"href":"https:\/\/www.beseit.net\/index.php?rest_route=\/wp\/v2\/pages"}],"about":[{"href":"https:\/\/www.beseit.net\/index.php?rest_route=\/wp\/v2\/types\/page"}],"author":[{"embeddable":true,"href":"https:\/\/www.beseit.net\/index.php?rest_route=\/wp\/v2\/users\/2"}],"replies":[{"embeddable":true,"href":"https:\/\/www.beseit.net\/index.php?rest_route=%2Fwp%2Fv2%2Fcomments&post=4207"}],"version-history":[{"count":11,"href":"https:\/\/www.beseit.net\/index.php?rest_route=\/wp\/v2\/pages\/4207\/revisions"}],"predecessor-version":[{"id":7725,"href":"https:\/\/www.beseit.net\/index.php?rest_route=\/wp\/v2\/pages\/4207\/revisions\/7725"}],"up":[{"embeddable":true,"href":"https:\/\/www.beseit.net\/index.php?rest_route=\/wp\/v2\/pages\/1110"}],"wp:attachment":[{"href":"https:\/\/www.beseit.net\/index.php?rest_route=%2Fwp%2Fv2%2Fmedia&parent=4207"}],"wp:term":[{"taxonomy":"category","embeddable":true,"href":"https:\/\/www.beseit.net\/index.php?rest_route=%2Fwp%2Fv2%2Fcategories&post=4207"}],"curies":[{"name":"wp","href":"https:\/\/api.w.org\/{rel}","templated":true}]}}