{"id":4357,"date":"2013-07-31T23:58:08","date_gmt":"2013-07-31T21:58:08","guid":{"rendered":"http:\/\/www.beseit.net\/?page_id=4357"},"modified":"2026-01-05T21:23:54","modified_gmt":"2026-01-05T19:23:54","slug":"diftong-triptong-hiat","status":"publish","type":"page","link":"https:\/\/www.beseit.net\/?page_id=4357","title":{"rendered":"Diftong, triptong, hiat"},"content":{"rendered":"<div>\n<div>\n<h1>Els diftongs<\/h1>\n<p>Per aplicar b\u00e9 les regles d&#8217;accentuaci\u00f3, conv\u00e9 saber separar correctament les s\u00edl\u00b7labes d&#8217;un mot. Per aix\u00f2 cal recon\u00e8ixer els diftongs, dues vocals juntes que formen una \u00fanica s\u00edl\u00b7laba.<\/p>\n<\/div>\n<\/div>\n<p>S&#8217;ofereix a continuaci\u00f3 la llista de diftongs:<\/p>\n<p><strong>CREIXENTS<\/strong>: GUA, G\u00dcE, G\u00dcI, GUO, QUA, Q\u00dcE, Q\u00dcI, QUO\u00a0 guants, aigu\u00f3s, freq\u00fcent, quota.\u00a0 I\/U + VOCAL a principi de mot iogurt, iarda, iuca, uadi\u00a0 I\/U + VOCAL darrere d\u2019una altra vocal clauer, caiac, noia, treuen, diuen (di-uen)<\/p>\n<p>gua: pa-rai-gua<br \/>\ng\u00fce: ai-g\u00fce-ra<br \/>\ng\u00fci: pin-g\u00fc\u00ed<br \/>\nguo: pa-rai-guot<\/p>\n<p>qua: qua-tre<br \/>\nq\u00fce: e-q\u00fces-tre<br \/>\nq\u00fci: a-q\u00fc\u00ed-fer<br \/>\nquo: quo-ta<\/p>\n<p><strong>DECREIXENTS:<\/strong>\u00a0 VOCAL + I (AI, EI, II, OI, UI)\u00a0 tro-feu, a-vui,\u00a0 boi-ra\u00a0 VOCAL + U (AU, EU, IU, OU, UU) dau-rat, tro-feu,\u00a0 Quan cal trencar el diftong perqu\u00e8 es pronuncia en s\u00edl\u00b7labes diferents, ho fem amb una <strong>di\u00e8resi<\/strong><\/p>\n<p>ai: ai-re<br \/>\nei: rei-na<br \/>\nii: no-vii<br \/>\noi: boi-na<br \/>\nui: cui-na<\/p>\n<p>au: cau-re<br \/>\neu: creu-re<br \/>\niu: ciu-tat<br \/>\nou: cou-re<br \/>\nuu: duu<\/p>\n<p><strong>I,U com a consonants<\/strong><br \/>\nInici de paraula: iogurt, hier\u00e0tic io-gurt<br \/>\nEntre vocals: joia, deia jo-ia de-ia<\/p>\n<p>Quan la i o la u es comporten com a consonants i van seguides d&#8217;una a, e, o, u formen diftong amb la vocal seg\u00fcent. \u00c9s el cas de ia-ia, io-gurt, iu-gos-lau, de-ia, cre-ua, ca-uen, etc.\u00a0<i> <\/i><\/p>\n<p><strong>TRIFTONGS<\/strong> un TRIFTONG est\u00e0 format per una vocal <strong>d\u00e8bil<\/strong>, una de<strong> forta<\/strong> i una altra de <strong>d\u00e8bil<\/strong>: d\u00e8-ieu U-ru-guai guai-tar, d\u00faieu d\u00fa-ieu<\/p>\n<p><strong>HIAT<\/strong><br \/>\nEst\u00e0 format per dues vocals juntes que pertanyen a s\u00edl\u00b7labes diferents: Dues vocals fortes (aa, ae, ao, ea, ee, eo, oa, oe, oo)\u00a0 gra-ella, lle-ons, re-a-li-tat ;.Combinaci\u00f3 I\/U + VOCAL <strong>darrere d\u2019una consonant<\/strong>\u00a0 his-t\u00f2-ri-a, du-al, a-vi-a-dor, <strong>havia<\/strong> ha-vi-a.<br \/>\nQuan una di\u00e8resi o un accent desfan un diftong decreixent\u00a0 pro-du-\u00eds , sa-\u00fcc, <strong>pa-\u00eds<\/strong><\/p>\n<p><strong>Atenci\u00f3 els digrafs ig, ix<\/strong> no fan diftongs. als mots:\u00a0 calaixera, seixanta, puig, greix, moixament, aixella, no hi ha cap diftong<\/p>\n<p>si es compara en els diftongs castellans<\/p>\n<p>Crecientes: los que empiezan por vocal cerrada (i, u), porque al pronunciarlos aumenta la abertura de la vocal desde \/i\/ o \/u\/ hasta la siguiente vocal, son:<br \/>\nie ia io ua ue uo<\/p>\n<p>Decrecientes: los que terminan en vocal cerrada y son:<br \/>\nai ei oi au eu ou<\/p>\n<p>Homog\u00e9neos: los que empiezan y terminan por vocal cerrada, son:<br \/>\niu ui<\/p>\n<p>Observem que el diftongs creixents han desaparegut.<br \/>\nper aix\u00f2 trobem &#8220;hab\u00eda&#8221;&#8212;&gt; havia<\/p>\n<p><a href=\"http:\/\/www.beseit.net\/?page_id=4373\" target=\"_blank\">Exercicis de diftongs<\/a><\/p>\n","protected":false},"excerpt":{"rendered":"<p>Els diftongs Per aplicar b\u00e9 les regles d&#8217;accentuaci\u00f3, conv\u00e9 saber separar correctament les s\u00edl\u00b7labes d&#8217;un mot. Per aix\u00f2 cal recon\u00e8ixer els diftongs, dues vocals juntes que formen una \u00fanica s\u00edl\u00b7laba. S&#8217;ofereix a continuaci\u00f3 la llista de diftongs: CREIXENTS: GUA, G\u00dcE, &hellip; <a href=\"https:\/\/www.beseit.net\/?page_id=4357\">Continua llegint <span class=\"meta-nav\">&rarr;<\/span><\/a><\/p>\n","protected":false},"author":2,"featured_media":3167,"parent":0,"menu_order":0,"comment_status":"open","ping_status":"open","template":"","meta":{"footnotes":""},"categories":[],"class_list":["post-4357","page","type-page","status-publish","has-post-thumbnail","hentry"],"_links":{"self":[{"href":"https:\/\/www.beseit.net\/index.php?rest_route=\/wp\/v2\/pages\/4357","targetHints":{"allow":["GET"]}}],"collection":[{"href":"https:\/\/www.beseit.net\/index.php?rest_route=\/wp\/v2\/pages"}],"about":[{"href":"https:\/\/www.beseit.net\/index.php?rest_route=\/wp\/v2\/types\/page"}],"author":[{"embeddable":true,"href":"https:\/\/www.beseit.net\/index.php?rest_route=\/wp\/v2\/users\/2"}],"replies":[{"embeddable":true,"href":"https:\/\/www.beseit.net\/index.php?rest_route=%2Fwp%2Fv2%2Fcomments&post=4357"}],"version-history":[{"count":17,"href":"https:\/\/www.beseit.net\/index.php?rest_route=\/wp\/v2\/pages\/4357\/revisions"}],"predecessor-version":[{"id":5693,"href":"https:\/\/www.beseit.net\/index.php?rest_route=\/wp\/v2\/pages\/4357\/revisions\/5693"}],"wp:featuredmedia":[{"embeddable":true,"href":"https:\/\/www.beseit.net\/index.php?rest_route=\/wp\/v2\/media\/3167"}],"wp:attachment":[{"href":"https:\/\/www.beseit.net\/index.php?rest_route=%2Fwp%2Fv2%2Fmedia&parent=4357"}],"wp:term":[{"taxonomy":"category","embeddable":true,"href":"https:\/\/www.beseit.net\/index.php?rest_route=%2Fwp%2Fv2%2Fcategories&post=4357"}],"curies":[{"name":"wp","href":"https:\/\/api.w.org\/{rel}","templated":true}]}}