{"id":5543,"date":"2014-05-06T23:56:56","date_gmt":"2014-05-06T21:56:56","guid":{"rendered":"http:\/\/www.beseit.net\/?page_id=5543"},"modified":"2014-05-07T18:23:21","modified_gmt":"2014-05-07T16:23:21","slug":"vocla-neutra","status":"publish","type":"page","link":"https:\/\/www.beseit.net\/?page_id=5543","title":{"rendered":"Vocal neutra"},"content":{"rendered":"<ol>\n<li>amanida, <span class=\"font_resultats\">almog\u00e0ver, \u00e0nec, ambaixada, assemblea, arracada, vern\u00eds, tr\u00e0fec, assass\u00ed, canalons, avaluar, avantatge, Caterina, ebenista, avaria, davant, efeminat, naixement, rac\u00f3, Empord\u00e0, enyorar, davantal, esp\u00e0rrec, meravella, sanefa, raspall, monestir, polseguera, punxegut,\u00a0 rave, sergent, ramat, raspall, treball, Empord\u00e0, davant, Sardenya, sergent,\u00a0 vern\u00eds avaria, davantal, rac\u00f3, rancor. <\/span><\/li>\n<li>efeminat, ametista, emparar; enyoran\u00e7a, ermini, assemblea, estel, vern\u00eds, ebenista, estendard, estergir, gelea, meravella, monestir, resplendir, seti, treball, alc\u00e0sser, \u00e0nec, c\u00e0nem, cova, esp\u00e0rrec, Esteve, orfe, llan\u00e7a, orfe, Ll\u00e0tzer, rave, r\u00e0fega, t\u00e0lem, tr\u00e0fec, ban\u00fas, arravatar, assass\u00ed, avaria, sanefa, Sardenya, ambaixada, maragda, rancor, vern\u00eds, vermell\u00f3, voga, vogar, volta, voltor, avet, advocat, avorrir, avortar, avi, alcova, raval, bava, arrova, canvi, cascavell, cavall, covard, C\u00f2rdova, envestir, esvelt, Esteve, governar, gravar, fava, Havana, haver, llavi, pavell\u00f3, prova, rave, savi, taverna, trava, tr\u00e8vol, baf, beina, bar\u00f3, bill\u00f3. bena, berbena, berruga, biga, bivac, bolcar, basc, Biscaia, debanar, calb, desimbolt, m\u00f2bil, rebentar, rebolcar, saba, \u00c0laba, ahir, hivern, hissar, subhasta, filharm\u00f2nic, subtrahend, os, ou, orfe, orxata\n<\/li>\n<\/ol>\n<p>&nbsp;<\/p>\n","protected":false},"excerpt":{"rendered":"<p>amanida, almog\u00e0ver, \u00e0nec, ambaixada, assemblea, arracada, vern\u00eds, tr\u00e0fec, assass\u00ed, canalons, avaluar, avantatge, Caterina, ebenista, avaria, davant, efeminat, naixement, rac\u00f3, Empord\u00e0, enyorar, davantal, esp\u00e0rrec, meravella, sanefa, raspall, monestir, polseguera, punxegut,\u00a0 rave, sergent, ramat, raspall, treball, Empord\u00e0, davant, Sardenya, sergent,\u00a0 vern\u00eds avaria, &hellip; <a href=\"https:\/\/www.beseit.net\/?page_id=5543\">Continua llegint <span class=\"meta-nav\">&rarr;<\/span><\/a><\/p>\n","protected":false},"author":2,"featured_media":0,"parent":5140,"menu_order":0,"comment_status":"open","ping_status":"open","template":"","meta":{"footnotes":""},"categories":[],"class_list":["post-5543","page","type-page","status-publish","hentry"],"_links":{"self":[{"href":"https:\/\/www.beseit.net\/index.php?rest_route=\/wp\/v2\/pages\/5543","targetHints":{"allow":["GET"]}}],"collection":[{"href":"https:\/\/www.beseit.net\/index.php?rest_route=\/wp\/v2\/pages"}],"about":[{"href":"https:\/\/www.beseit.net\/index.php?rest_route=\/wp\/v2\/types\/page"}],"author":[{"embeddable":true,"href":"https:\/\/www.beseit.net\/index.php?rest_route=\/wp\/v2\/users\/2"}],"replies":[{"embeddable":true,"href":"https:\/\/www.beseit.net\/index.php?rest_route=%2Fwp%2Fv2%2Fcomments&post=5543"}],"version-history":[{"count":7,"href":"https:\/\/www.beseit.net\/index.php?rest_route=\/wp\/v2\/pages\/5543\/revisions"}],"predecessor-version":[{"id":5552,"href":"https:\/\/www.beseit.net\/index.php?rest_route=\/wp\/v2\/pages\/5543\/revisions\/5552"}],"up":[{"embeddable":true,"href":"https:\/\/www.beseit.net\/index.php?rest_route=\/wp\/v2\/pages\/5140"}],"wp:attachment":[{"href":"https:\/\/www.beseit.net\/index.php?rest_route=%2Fwp%2Fv2%2Fmedia&parent=5543"}],"wp:term":[{"taxonomy":"category","embeddable":true,"href":"https:\/\/www.beseit.net\/index.php?rest_route=%2Fwp%2Fv2%2Fcategories&post=5543"}],"curies":[{"name":"wp","href":"https:\/\/api.w.org\/{rel}","templated":true}]}}